- 2. Suppose -3 = t + 2*j, 3*j = -2 - 4. Calculate the remainder when 36 is divided by w(t).
10
Suppose -2*f = 4, -3*f = o - 8*f - 12. Calculate the remainder when 35 is divided by o - (1 + 3)*-4.
17
Suppose -4*o + 4 = -16. What is the remainder when 16 is divided by o?
1
Let w(p) = 6*p + 1. Let n be w(2). Let z be (-6)/(-4)*114/9. Let s = z - n. Calculate the remainder when 10 is divided by s.
4
Suppose 0 = -h + 3*y + 25, -4*h - 4*y = -7*h + 100. Suppose -r + 3*u + 11 = 0, -2*r - 26 = -4*r + 2*u. Calculate the remainder when h is divided by r.
12
Let b be (-3)/(-4) + 675/12. Suppose -3*v - 9 = -b. What is the remainder when v is divided by 6?
4
Let z be (-54 - 0)/((-2)/5). Suppose z = 4*r + r. Calculate the remainder when r is divided by 7.
6
Suppose -4*s = i - 87, 97 = 4*s - i - 0*i. Suppose -2*z = -1 - s. Let t = -92 + 138. What is the remainder when t is divided by z?
10
Let l be 4/10 - 126/(-35). Suppose l*n + 5*h = 5*n + 14, 0 = n + 5*h - 26. What is the remainder when 16 is divided by n?
4
Let z = 61 - 43. Let f = z - 12. Suppose -l = 3*m - 50, -m + 2*l = -5*m + 68. What is the remainder when m is divided by f?
4
Let i(c) = -2*c + 36. Calculate the remainder when 49 is divided by i(9).
13
Let x(j) = -j**3 - 7*j**2 - 7*j - 6. Let t be x(-5). What is the remainder when 9 is divided by 40/14 + (-3)/t?
0
Suppose -3*m - 5*d + 30 = m, 2*m - 4*d - 2 = 0. Suppose -2*p - 4 = 0, 0 = -n - m*p + 2 - 4. What is the remainder when n is divided by 3?
2
Let z = -13 + 22. Calculate the remainder when (-1150)/(-90) - (-2)/z is divided by 7.
6
What is the remainder when 335/(-20)*-4*1 is divided by (3 - 2)/(1/17)?
16
Suppose l - h = 14, l - 26 = -0*l + 5*h. What is the remainder when (-140)/50*(-30)/4 is divided by l?
10
Let b(q) = -6*q + 39. Let y(t) = -t**3 + 4*t**2. What is the remainder when b(4) is divided by y(3)?
6
Let j(f) = -5*f - 2. Let u be j(-4). Calculate the remainder when (3 - 2)*u*1 is divided by 11.
7
Suppose 0 = 2*g - 8 - 0. Suppose p - 10 = -g*p. Suppose 0 = 3*r - p - 4. Calculate the remainder when 2 is divided by r.
0
Let q be 0/(-1)*(1 - 0). Suppose 0*o + o = 4*s, -2*o + 5*s + 6 = q. Let r = 532 - 519. What is the remainder when r is divided by o?
5
Let o(a) = -a**2 + 7*a + 1. Calculate the remainder when 42 is divided by o(5).
9
Suppose -2*o + 8 = -c, 3*c + 4*o = 23 + 3. Suppose 16 = 3*b + c*p - 5, 3*b + 5*p = 30. What is the remainder when 14 is divided by b?
4
Let f be (11/((-55)/(-870)))/1. Suppose 3*p - 9*p = -f. Let k(a) = a**3 - 5*a**2 + 5*a + 4. What is the remainder when p is divided by k(4)?
5
What is the remainder when 35 is divided by 50/6 + (-16)/(-24)?
8
Let w = -27 + 12. Let o = -10 - w. Suppose -5*j + 55 = -5*m, 0 = -m + 2*m + o. Calculate the remainder when 23 is divided by j.
5
Let p = 157 + -86. What is the remainder when p is divided by 15?
11
Let f = -27 - -51. Let c be ((-4)/(-6))/(4/f). Suppose k - 20 = -k + v, -c*k = -5*v - 40. Calculate the remainder when k is divided by 4.
2
Let b = 94 + -45. Calculate the remainder when b is divided by 18.
13
Suppose -h - 6*h = -406. Calculate the remainder when h is divided by 15.
13
Suppose -5*h - 2*p - 30 = 0, -35 = 4*h + 2*p - 11. Let r(s) = -s**2 - 8*s. What is the remainder when 35 is divided by r(h)?
11
Let d = -39 + 69. Suppose 5*t + 3*u = 119, 10 = -4*u - u. Let q = 41 - t. Calculate the remainder when d is divided by q.
14
Let k be 1*(2/(-1) - -1). Let f(d) = 2*d**2 + 3*d. What is the remainder when f(-6) is divided by 4*k/(-2) - -12?
12
Calculate the remainder when 4/(-18) - 1675/(-45) is divided by 8.
5
What is the remainder when (138/(-115))/(1 + 13/(-10)) is divided by 1?
0
Let r = 46 + -29. Calculate the remainder when r is divided by 10.
7
Let l(q) = -q**2 + 6*q - 10. Let m be l(8). Let o = -12 - m. What is the remainder when 69 is divided by o?
13
Suppose 5*c = -10 - 20. Calculate the remainder when (2 + 15/c)*-30 is divided by 8.
7
What is the remainder when (-7)/(5/(-20)*(3 + -1)) is divided by 6/(-4)*20/(-6)?
4
Suppose -4*y + s = 4*s - 112, -4*s - 59 = -3*y. What is the remainder when 76 + (-1 - -3) + -5 is divided by y?
23
Let o = 10 + 3. Suppose -o = -l - 2*f, -3*l + 8*l = 4*f + 37. Let x = 4 - -13. Calculate the remainder when x is divided by l.
8
Suppose 20 = 4*y + y. Suppose -4*m = -3*m - 2*p - 2, 5*m + y*p = 38. Calculate the remainder when 16 is divided by m.
4
Let n be 4/12*3 - -63. Suppose -38 = -3*q + n. What is the remainder when q is divided by 9?
7
Suppose 0 = a + 61 - 73. What is the remainder when 71 is divided by a?
11
Suppose -4*u + 6*u = 4. Suppose -u*v - 20 = 3*v, -2*q - v = -4. Suppose -4*n + 4 = -q. Calculate the remainder when 2 is divided by n.
0
Let l be 3/3*2/1. Suppose -3*i + 10 = -l*i. Calculate the remainder when 26 is divided by i.
6
Let y(w) = -w + 0 - 2*w - 4. What is the remainder when y(-5) is divided by ((-1 - 3) + 16)/2?
5
Suppose 60 = 5*w - 20. Let l(z) = 10*z + z**3 + 0 - 7 - w*z**2 + 6*z**2. What is the remainder when 2 is divided by l(9)?
0
Calculate the remainder when 52 is divided by 14 - (2 + -4)/((-3)/(-6)).
16
Let w be ((-50)/20)/(1/(-2)). Suppose h + 10 = 6*h. Suppose w*j = 3*f - 35, 2*f - h*j + j = 14. What is the remainder when 9 is divided by f?
4
Calculate the remainder when 2/(-5) + 3576/40 is divided by 10.
9
Let d = 3 - -26. Calculate the remainder when d is divided by 15.
14
Let n be (8 - -1)*(-1)/1. Let r = 14 + -3. Calculate the remainder when 94/3 + (-6)/n is divided by r.
10
Suppose 0 = -2*l + 3*b + 28, -6*l + 3*l = 5*b - 42. Suppose -4*d + 72 - 4 = 0. What is the remainder when (49/l)/(2/28) is divided by d?
15
Suppose d = 4*v + 8, -3*d + 3*v = -2*v - 17. Suppose -4*g = -d*k - 8, -2*k + 0*g - 3*g = -16. What is the remainder when 2 is divided by k?
0
Suppose -9 = -3*b - 6. What is the remainder when 2 is divided by b?
0
Let k be ((-4)/(-10))/((-3)/1425). Let w = -32 + 45. What is the remainder when k/57*(-15)/2 is divided by w?
12
Let x = 17 + -13. Calculate the remainder when 57 is divided by (0/x - -3) + 27.
27
Let m(w) = 2*w - 4. Let f be m(4). Calculate the remainder when 810/42 + (-2)/7 is divided by 1/((4/7)/f).
5
Suppose -f + 4*f - 111 = 0. Calculate the remainder when f is divided by (-1)/(116/40 + -3).
7
Let r = -39 - -4. Let m = r + 11. What is the remainder when 26 is divided by (m/18)/((-4)/42)?
12
Let i be (-560)/(-30) - 2/3. Let f = 5 + -9. Calculate the remainder when 34 is divided by i/(-1)*4/f.
16
Let t(a) = 2 - 4*a**2 + 7*a + 3*a**2 - 3. Suppose -i = i - 10. Calculate the remainder when t(i) is divided by 5.
4
Let j be (-116)/16 - 1/(-4). Calculate the remainder when 2 is divided by j/(-9) + (-2)/(-9).
0
Let q = -38 + 68. Let c = -125 - -187. Let r = c - q. What is the remainder when r is divided by 17?
15
Let m = -3 - -5. Suppose 7*o + 15 = m*o. Calculate the remainder when 3 is divided by -1 - o - 0/(-1).
1
Let l = -2 + 1. Suppose 5*d + u - 33 = 0, -16 - 13 = -5*d - 3*u. What is the remainder when ((l + 21)/1)/1 is divided by d?
6
Let w = -135 + 316. What is the remainder when w is divided by 23?
20
Let f(t) = t**3 + 9*t**2 - t - 6. Let m(h) = -h**3 - 5*h**2 - 3*h - 5. Let k be m(-4). What is the remainder when 4 is divided by f(k)?
1
Suppose 2*t + 3*d - d - 54 = 0, 2*t + 5*d - 39 = 0. Calculate the remainder when t is divided by 18.
14
Let j(p) = -p + 2. Let u be j(3). Let c = 18 - u. Calculate the remainder when ((-28)/6)/((-1)/12) is divided by c.
18
Let z(n) = 29*n - 1. Calculate the remainder when z(3) is divided by 22.
20
Let v = -104 + 138. Calculate the remainder when 168 is divided by v.
32
Suppose 3*v = 3*d, -5*v - 2*d + 4 = -5*d. What is the remainder when 6 is divided by v?
0
Let t = -19 + 29. Calculate the remainder when 37 is divided by t.
7
Let h = 21 - 13. Let z be (1/(-2))/(2/h). Let p(b) = -6*b - 1. What is the remainder when 21 is divided by p(z)?
10
Suppose 2*z - 2*s - 48 = 0, -3*z = -0*z + 5*s - 64. Let b = 12 - 10. Suppose -w + 137 = b*o, 2 - 6 = -4*w. Calculate the remainder when o is divided by z.
22
Let u = -61 - -99. What is the remainder when u is divided by 14?
10
Suppose -4*o + o + 7 = 2*x, 1 = -o + x. What is the remainder when (5/3)/(o/9) is divided by 9?
6
Let f(w) = -5*w - 67. Suppose 4*s - 116 = -3*y, -7*s - 5*y = -2*s - 145. Calculate the